{"id":60,"date":"2025-01-23T19:29:07","date_gmt":"2025-01-23T19:29:07","guid":{"rendered":"https:\/\/ftmabrasives.cz\/uvodni-stranka\/"},"modified":"2025-01-23T19:56:05","modified_gmt":"2025-01-23T19:56:05","slug":"uvodni-stranka","status":"publish","type":"page","link":"https:\/\/ftmabrasives.cz\/","title":{"rendered":"\u00davodn\u00ed str\u00e1nka"},"content":{"rendered":"\n<div class=\"wp-block-cover alignfull is-light hestia-clear-top-padding\"><span aria-hidden=\"true\" class=\"wp-block-cover__background has-white-background-color has-background-dim-100 has-background-dim\"><\/span><div class=\"wp-block-cover__inner-container is-layout-flow wp-block-cover-is-layout-flow\">\n<h2 class=\"wp-block-heading has-text-align-center has-text-color\" style=\"color:#3c4858\">Na\u0161e slu\u017eby<\/h2>\n\n\n\n<blockquote class=\"wp-block-quote is-layout-flow wp-block-quote-is-layout-flow\">\n<p class=\"has-text-align-center\"><strong>Servis tryskac\u00edho za\u0159\u00edzen\u00ed:<\/strong><\/p>\n<\/blockquote>\n\n\n\n<div style=\"height:40px\" aria-hidden=\"true\" class=\"wp-block-spacer\"><\/div>\n\n\n\n<div class=\"wp-block-columns container is-layout-flex wp-container-core-columns-is-layout-28f84493 wp-block-columns-is-layout-flex\">\n<div class=\"wp-block-column is-layout-flow wp-block-column-is-layout-flow\">\n<figure class=\"wp-block-image aligncenter size-large\"><img decoding=\"async\" src=\"https:\/\/ftmabrasives.cz\/wp-content\/themes\/hestia\/assets\/img\/feat1.png\" alt=\"\" class=\"wp-image-70\"\/><\/figure>\n\n\n\n<h5 class=\"wp-block-heading has-text-align-center has-text-color\" style=\"color:#3c4858;font-size:18px\"><strong>S\u00edtov\u00fd rozbor pracovn\u00ed sm\u011bsi<\/strong><\/h5>\n\n\n\n<p class=\"has-text-align-center has-text-color\" style=\"color:#999999;font-size:14px\">Analyzujeme velikost tryskac\u00ed sm\u011bsi, kter\u00e1 ur\u010duje drsnost povrchu.<\/p>\n\n\n\n<div style=\"height:25px\" aria-hidden=\"true\" class=\"wp-block-spacer\"><\/div>\n<\/div>\n\n\n\n<div class=\"wp-block-column is-layout-flow wp-block-column-is-layout-flow\">\n<figure class=\"wp-block-image aligncenter size-large\"><img decoding=\"async\" src=\"https:\/\/ftmabrasives.cz\/wp-content\/themes\/hestia\/assets\/img\/feat2.png\" alt=\"\" class=\"wp-image-71\"\/><\/figure>\n\n\n\n<h5 class=\"wp-block-heading has-text-align-center has-text-color\" style=\"color:#3c4858;font-size:18px\"><strong>S\u00edtov\u00fd rozbor odpadu<\/strong><\/h5>\n\n\n\n<p class=\"has-text-align-center has-text-color\" style=\"color:#999999;font-size:14px\">Sledujeme velikost odpadu, abychom minimalizovali ztr\u00e1ty na tryskac\u00edm materi\u00e1lu<\/p>\n\n\n\n<div style=\"height:25px\" aria-hidden=\"true\" class=\"wp-block-spacer\"><\/div>\n<\/div>\n\n\n\n<div class=\"wp-block-column is-layout-flow wp-block-column-is-layout-flow\">\n<figure class=\"wp-block-image aligncenter size-large\"><img decoding=\"async\" src=\"https:\/\/ftmabrasives.cz\/wp-content\/themes\/hestia\/assets\/img\/feat3.png\" alt=\"\" class=\"wp-image-72\"\/><\/figure>\n\n\n\n<h5 class=\"wp-block-heading has-text-align-center has-text-color\" style=\"color:#3c4858;font-size:18px\"><strong>Prodej n\u00e1hradn\u00edch d\u00edl\u016f do metac\u00edch kol<\/strong><\/h5>\n\n\n\n<p class=\"has-text-align-center has-text-color\" style=\"color:#999999;font-size:14px\">Na\u0161e n\u00e1hradn\u00ed d\u00edly jsou navr\u017eeny pro extr\u00e9mn\u011b n\u00e1ro\u010dn\u00e9 provozy, kde doch\u00e1z\u00ed k intenzivn\u00edmu opot\u0159eben\u00ed.<\/p>\n\n\n\n<p class=\"has-text-align-center has-text-color\" style=\"color:#999999;font-size:14px\"><\/p>\n\n\n\n<div style=\"height:25px\" aria-hidden=\"true\" class=\"wp-block-spacer\"><\/div>\n<\/div>\n<\/div>\n\n\n\n<div style=\"height:40px\" aria-hidden=\"true\" class=\"wp-block-spacer\"><\/div>\n<\/div><\/div>\n\n\n\n<div class=\"wp-block-columns container is-layout-flex wp-container-core-columns-is-layout-28f84493 wp-block-columns-is-layout-flex\">\n<div class=\"wp-block-column col-md-5 is-layout-flow wp-block-column-is-layout-flow\">\n<div style=\"height:55px\" aria-hidden=\"true\" class=\"wp-block-spacer\"><\/div>\n\n\n\n<h2 class=\"wp-block-heading\">Na\u0161i z\u00e1kazn\u00edci<\/h2>\n\n\n\n<p><strong>Spolupracujeme s firmami zam\u011b\u0159en\u00fdmi na povrchov\u00e9 \u00faravy:<\/strong><\/p>\n\n\n\n<p>Potravin\u00e1\u0159sk\u00e9 provozy<\/p>\n\n\n\n<p>Sl\u00e9v\u00e1rny<\/p>\n\n\n\n<p>V\u00fdrobci ocelov\u00fdch konstrukc\u00ed<\/p>\n\n\n\n<p>Automotive<\/p>\n<\/div>\n\n\n\n<div class=\"wp-block-column col-md-6 col-md-offset1 is-layout-flow wp-block-column-is-layout-flow\">\n<div style=\"height:55px\" aria-hidden=\"true\" class=\"wp-block-spacer\"><\/div>\n\n\n\n<figure class=\"wp-block-image size-large\"><img fetchpriority=\"high\" decoding=\"async\" width=\"1024\" height=\"690\" src=\"https:\/\/ftmabrasives.cz\/wp-content\/uploads\/2025\/01\/ftm-abrasives_final-logo_vyska-1024x690.png\" alt=\"\" class=\"wp-image-65\" srcset=\"https:\/\/ftmabrasives.cz\/wp-content\/uploads\/2025\/01\/ftm-abrasives_final-logo_vyska-1024x690.png 1024w, https:\/\/ftmabrasives.cz\/wp-content\/uploads\/2025\/01\/ftm-abrasives_final-logo_vyska-300x202.png 300w, https:\/\/ftmabrasives.cz\/wp-content\/uploads\/2025\/01\/ftm-abrasives_final-logo_vyska-768x518.png 768w, https:\/\/ftmabrasives.cz\/wp-content\/uploads\/2025\/01\/ftm-abrasives_final-logo_vyska-1536x1035.png 1536w, https:\/\/ftmabrasives.cz\/wp-content\/uploads\/2025\/01\/ftm-abrasives_final-logo_vyska-2048x1381.png 2048w\" sizes=\"(max-width: 1024px) 100vw, 1024px\" \/><\/figure>\n\n\n\n<p><\/p>\n<\/div>\n<\/div>\n","protected":false},"excerpt":{"rendered":"<p>Na\u0161i z\u00e1kazn\u00edci Spolupracujeme s firmami zam\u011b\u0159en\u00fdmi na povrchov\u00e9 \u00faravy: Potravin\u00e1\u0159sk\u00e9 provozy Sl\u00e9v\u00e1rny V\u00fdrobci ocelov\u00fdch konstrukc\u00ed Automotive<\/p>\n","protected":false},"author":1,"featured_media":0,"parent":0,"menu_order":0,"comment_status":"closed","ping_status":"open","template":"","meta":{"site-sidebar-layout":"default","site-content-layout":"","ast-site-content-layout":"default","site-content-style":"default","site-sidebar-style":"default","ast-global-header-display":"","ast-banner-title-visibility":"","ast-main-header-display":"","ast-hfb-above-header-display":"","ast-hfb-below-header-display":"","ast-hfb-mobile-header-display":"","site-post-title":"","ast-breadcrumbs-content":"","ast-featured-img":"","footer-sml-layout":"","ast-disable-related-posts":"","theme-transparent-header-meta":"","adv-header-id-meta":"","stick-header-meta":"","header-above-stick-meta":"","header-main-stick-meta":"","header-below-stick-meta":"","astra-migrate-meta-layouts":"default","ast-page-background-enabled":"default","ast-page-background-meta":{"desktop":{"background-color":"var(--ast-global-color-5)","background-image":"","background-repeat":"repeat","background-position":"center center","background-size":"auto","background-attachment":"scroll","background-type":"","background-media":"","overlay-type":"","overlay-color":"","overlay-opacity":"","overlay-gradient":""},"tablet":{"background-color":"","background-image":"","background-repeat":"repeat","background-position":"center center","background-size":"auto","background-attachment":"scroll","background-type":"","background-media":"","overlay-type":"","overlay-color":"","overlay-opacity":"","overlay-gradient":""},"mobile":{"background-color":"","background-image":"","background-repeat":"repeat","background-position":"center center","background-size":"auto","background-attachment":"scroll","background-type":"","background-media":"","overlay-type":"","overlay-color":"","overlay-opacity":"","overlay-gradient":""}},"ast-content-background-meta":{"desktop":{"background-color":"var(--ast-global-color-4)","background-image":"","background-repeat":"repeat","background-position":"center center","background-size":"auto","background-attachment":"scroll","background-type":"","background-media":"","overlay-type":"","overlay-color":"","overlay-opacity":"","overlay-gradient":""},"tablet":{"background-color":"var(--ast-global-color-4)","background-image":"","background-repeat":"repeat","background-position":"center center","background-size":"auto","background-attachment":"scroll","background-type":"","background-media":"","overlay-type":"","overlay-color":"","overlay-opacity":"","overlay-gradient":""},"mobile":{"background-color":"var(--ast-global-color-4)","background-image":"","background-repeat":"repeat","background-position":"center center","background-size":"auto","background-attachment":"scroll","background-type":"","background-media":"","overlay-type":"","overlay-color":"","overlay-opacity":"","overlay-gradient":""}},"footnotes":""},"class_list":["post-60","page","type-page","status-publish","hentry"],"yoast_head":"<!-- This site is optimized with the Yoast SEO plugin v25.7 - https:\/\/yoast.com\/wordpress\/plugins\/seo\/ -->\n<title>\u00davodn\u00ed str\u00e1nka - FTM abrasives<\/title>\n<meta name=\"description\" content=\"Na\u0161i z\u00e1kazn\u00edci Spolupracujeme s firmami zam\u011b\u0159en\u00fdmi na povrchov\u00e9 \u00faravy: Potravin\u00e1\u0159sk\u00e9 provozy Sl\u00e9v\u00e1rny V\u00fdrobci ocelov\u00fdch konstrukc\u00ed Automotive\" \/>\n<meta name=\"robots\" content=\"index, follow, max-snippet:-1, max-image-preview:large, max-video-preview:-1\" \/>\n<link rel=\"canonical\" href=\"https:\/\/ftmabrasives.cz\/\" \/>\n<meta property=\"og:locale\" content=\"cs_CZ\" \/>\n<meta property=\"og:type\" content=\"article\" \/>\n<meta property=\"og:title\" content=\"\u00davodn\u00ed str\u00e1nka - FTM abrasives\" \/>\n<meta property=\"og:description\" content=\"Na\u0161i z\u00e1kazn\u00edci Spolupracujeme s firmami zam\u011b\u0159en\u00fdmi na povrchov\u00e9 \u00faravy: Potravin\u00e1\u0159sk\u00e9 provozy Sl\u00e9v\u00e1rny V\u00fdrobci ocelov\u00fdch konstrukc\u00ed Automotive\" \/>\n<meta property=\"og:url\" content=\"https:\/\/ftmabrasives.cz\/\" \/>\n<meta property=\"og:site_name\" content=\"FTM abrasives\" \/>\n<meta property=\"article:modified_time\" content=\"2025-01-23T19:56:05+00:00\" \/>\n<meta name=\"twitter:card\" content=\"summary_large_image\" \/>\n<meta name=\"twitter:label1\" content=\"Odhadovan\u00e1 doba \u010dten\u00ed\" \/>\n\t<meta name=\"twitter:data1\" content=\"1 minuta\" \/>\n<script type=\"application\/ld+json\" class=\"yoast-schema-graph\">{\"@context\":\"https:\/\/schema.org\",\"@graph\":[{\"@type\":\"WebPage\",\"@id\":\"https:\/\/ftmabrasives.cz\/\",\"url\":\"https:\/\/ftmabrasives.cz\/\",\"name\":\"\u00davodn\u00ed str\u00e1nka - FTM abrasives\",\"isPartOf\":{\"@id\":\"https:\/\/ftmabrasives.cz\/#website\"},\"primaryImageOfPage\":{\"@id\":\"https:\/\/ftmabrasives.cz\/#primaryimage\"},\"image\":{\"@id\":\"https:\/\/ftmabrasives.cz\/#primaryimage\"},\"thumbnailUrl\":\"https:\/\/ftmabrasives.cz\/wp-content\/themes\/hestia\/assets\/img\/feat1.png\",\"datePublished\":\"2025-01-23T19:29:07+00:00\",\"dateModified\":\"2025-01-23T19:56:05+00:00\",\"breadcrumb\":{\"@id\":\"https:\/\/ftmabrasives.cz\/#breadcrumb\"},\"inLanguage\":\"cs\",\"potentialAction\":[{\"@type\":\"ReadAction\",\"target\":[\"https:\/\/ftmabrasives.cz\/\"]}]},{\"@type\":\"ImageObject\",\"inLanguage\":\"cs\",\"@id\":\"https:\/\/ftmabrasives.cz\/#primaryimage\",\"url\":\"\",\"contentUrl\":\"\"},{\"@type\":\"BreadcrumbList\",\"@id\":\"https:\/\/ftmabrasives.cz\/#breadcrumb\",\"itemListElement\":[{\"@type\":\"ListItem\",\"position\":1,\"name\":\"Dom\u016f\",\"item\":\"https:\/\/ftmabrasives.cz\/\"},{\"@type\":\"ListItem\",\"position\":2,\"name\":\"\u00davodn\u00ed str\u00e1nka\"}]},{\"@type\":\"WebSite\",\"@id\":\"https:\/\/ftmabrasives.cz\/#website\",\"url\":\"https:\/\/ftmabrasives.cz\/\",\"name\":\"FTM abrasives\",\"description\":\"FTM abrasives\",\"publisher\":{\"@id\":\"https:\/\/ftmabrasives.cz\/#organization\"},\"potentialAction\":[{\"@type\":\"SearchAction\",\"target\":{\"@type\":\"EntryPoint\",\"urlTemplate\":\"https:\/\/ftmabrasives.cz\/?s={search_term_string}\"},\"query-input\":{\"@type\":\"PropertyValueSpecification\",\"valueRequired\":true,\"valueName\":\"search_term_string\"}}],\"inLanguage\":\"cs\"},{\"@type\":\"Organization\",\"@id\":\"https:\/\/ftmabrasives.cz\/#organization\",\"name\":\"FTM abrasives\",\"url\":\"https:\/\/ftmabrasives.cz\/\",\"logo\":{\"@type\":\"ImageObject\",\"inLanguage\":\"cs\",\"@id\":\"https:\/\/ftmabrasives.cz\/#\/schema\/logo\/image\/\",\"url\":\"https:\/\/ftmabrasives.cz\/wp-content\/uploads\/2025\/01\/cropped-ftm-abrasives_final-logo_sirka.png\",\"contentUrl\":\"https:\/\/ftmabrasives.cz\/wp-content\/uploads\/2025\/01\/cropped-ftm-abrasives_final-logo_sirka.png\",\"width\":2036,\"height\":726,\"caption\":\"FTM abrasives\"},\"image\":{\"@id\":\"https:\/\/ftmabrasives.cz\/#\/schema\/logo\/image\/\"}}]}<\/script>\n<!-- \/ Yoast SEO plugin. -->","yoast_head_json":{"title":"\u00davodn\u00ed str\u00e1nka - FTM abrasives","description":"Na\u0161i z\u00e1kazn\u00edci Spolupracujeme s firmami zam\u011b\u0159en\u00fdmi na povrchov\u00e9 \u00faravy: Potravin\u00e1\u0159sk\u00e9 provozy Sl\u00e9v\u00e1rny V\u00fdrobci ocelov\u00fdch konstrukc\u00ed Automotive","robots":{"index":"index","follow":"follow","max-snippet":"max-snippet:-1","max-image-preview":"max-image-preview:large","max-video-preview":"max-video-preview:-1"},"canonical":"https:\/\/ftmabrasives.cz\/","og_locale":"cs_CZ","og_type":"article","og_title":"\u00davodn\u00ed str\u00e1nka - FTM abrasives","og_description":"Na\u0161i z\u00e1kazn\u00edci Spolupracujeme s firmami zam\u011b\u0159en\u00fdmi na povrchov\u00e9 \u00faravy: Potravin\u00e1\u0159sk\u00e9 provozy Sl\u00e9v\u00e1rny V\u00fdrobci ocelov\u00fdch konstrukc\u00ed Automotive","og_url":"https:\/\/ftmabrasives.cz\/","og_site_name":"FTM abrasives","article_modified_time":"2025-01-23T19:56:05+00:00","twitter_card":"summary_large_image","twitter_misc":{"Odhadovan\u00e1 doba \u010dten\u00ed":"1 minuta"},"schema":{"@context":"https:\/\/schema.org","@graph":[{"@type":"WebPage","@id":"https:\/\/ftmabrasives.cz\/","url":"https:\/\/ftmabrasives.cz\/","name":"\u00davodn\u00ed str\u00e1nka - FTM abrasives","isPartOf":{"@id":"https:\/\/ftmabrasives.cz\/#website"},"primaryImageOfPage":{"@id":"https:\/\/ftmabrasives.cz\/#primaryimage"},"image":{"@id":"https:\/\/ftmabrasives.cz\/#primaryimage"},"thumbnailUrl":"https:\/\/ftmabrasives.cz\/wp-content\/themes\/hestia\/assets\/img\/feat1.png","datePublished":"2025-01-23T19:29:07+00:00","dateModified":"2025-01-23T19:56:05+00:00","breadcrumb":{"@id":"https:\/\/ftmabrasives.cz\/#breadcrumb"},"inLanguage":"cs","potentialAction":[{"@type":"ReadAction","target":["https:\/\/ftmabrasives.cz\/"]}]},{"@type":"ImageObject","inLanguage":"cs","@id":"https:\/\/ftmabrasives.cz\/#primaryimage","url":"","contentUrl":""},{"@type":"BreadcrumbList","@id":"https:\/\/ftmabrasives.cz\/#breadcrumb","itemListElement":[{"@type":"ListItem","position":1,"name":"Dom\u016f","item":"https:\/\/ftmabrasives.cz\/"},{"@type":"ListItem","position":2,"name":"\u00davodn\u00ed str\u00e1nka"}]},{"@type":"WebSite","@id":"https:\/\/ftmabrasives.cz\/#website","url":"https:\/\/ftmabrasives.cz\/","name":"FTM abrasives","description":"FTM abrasives","publisher":{"@id":"https:\/\/ftmabrasives.cz\/#organization"},"potentialAction":[{"@type":"SearchAction","target":{"@type":"EntryPoint","urlTemplate":"https:\/\/ftmabrasives.cz\/?s={search_term_string}"},"query-input":{"@type":"PropertyValueSpecification","valueRequired":true,"valueName":"search_term_string"}}],"inLanguage":"cs"},{"@type":"Organization","@id":"https:\/\/ftmabrasives.cz\/#organization","name":"FTM abrasives","url":"https:\/\/ftmabrasives.cz\/","logo":{"@type":"ImageObject","inLanguage":"cs","@id":"https:\/\/ftmabrasives.cz\/#\/schema\/logo\/image\/","url":"https:\/\/ftmabrasives.cz\/wp-content\/uploads\/2025\/01\/cropped-ftm-abrasives_final-logo_sirka.png","contentUrl":"https:\/\/ftmabrasives.cz\/wp-content\/uploads\/2025\/01\/cropped-ftm-abrasives_final-logo_sirka.png","width":2036,"height":726,"caption":"FTM abrasives"},"image":{"@id":"https:\/\/ftmabrasives.cz\/#\/schema\/logo\/image\/"}}]}},"_links":{"self":[{"href":"https:\/\/ftmabrasives.cz\/index.php?rest_route=\/wp\/v2\/pages\/60","targetHints":{"allow":["GET"]}}],"collection":[{"href":"https:\/\/ftmabrasives.cz\/index.php?rest_route=\/wp\/v2\/pages"}],"about":[{"href":"https:\/\/ftmabrasives.cz\/index.php?rest_route=\/wp\/v2\/types\/page"}],"author":[{"embeddable":true,"href":"https:\/\/ftmabrasives.cz\/index.php?rest_route=\/wp\/v2\/users\/1"}],"replies":[{"embeddable":true,"href":"https:\/\/ftmabrasives.cz\/index.php?rest_route=%2Fwp%2Fv2%2Fcomments&post=60"}],"version-history":[{"count":2,"href":"https:\/\/ftmabrasives.cz\/index.php?rest_route=\/wp\/v2\/pages\/60\/revisions"}],"predecessor-version":[{"id":67,"href":"https:\/\/ftmabrasives.cz\/index.php?rest_route=\/wp\/v2\/pages\/60\/revisions\/67"}],"wp:attachment":[{"href":"https:\/\/ftmabrasives.cz\/index.php?rest_route=%2Fwp%2Fv2%2Fmedia&parent=60"}],"curies":[{"name":"wp","href":"https:\/\/api.w.org\/{rel}","templated":true}]}}